f j.
19, 193
Let s = -4486 - -7726. Suppose s = 9*o - 3*o. What are the prime factors of o?
2, 3, 5
Let d = 32847 - 8600. What are the prime factors of d?
24247
Let r be 72/45 + (4/(-10))/(-1). Let c(n) = 3*n**2 - n + n**2 + 0*n - 3*n**r + 121*n**3 + 1. What are the prime factors of c(1)?
2, 61
Let t = 123 + -123. Suppose 76 = 5*b - 6*q + 2*q, 5*b - q - 64 = t. List the prime factors of b.
2, 3
Let w(i) = 693*i - 27. Let p(x) = 232*x - 9. Let k(z) = 17*p(z) - 6*w(z). What are the prime factors of k(-2)?
19, 23
Suppose 44187 + 25831 = 13*u. What are the prime factors of u?
2, 2693
Let a = 1324 + -727. Suppose 0 = -2*x - 3*m + 777, -5*m - a = -5*x + 1358. What are the prime factors of x?
2, 3, 5, 13
Let m = -17957 + 25153. What are the prime factors of m?
2, 7, 257
Suppose 2*t = -3*l + 8550, -6172 = -2*t + l + 2386. Suppose 5*c + 0*c = -4*a + t, -3*a + c = -3199. What are the prime factors of a?
11, 97
Let s(v) = 26*v + 122. Let c = -549 - -588. What are the prime factors of s(c)?
2, 71
Suppose 10*j - 5*j = 250. Suppose j*r = 52*r - 6. Suppose r*m - 134 = -20. List the prime factors of m.
2, 19
Let a(y) = 1359*y - 22. What are the prime factors of a(12)?
2, 17, 479
Suppose 172*a = 3805710 + 6669262. List the prime factors of a.
60901
Let g(a) = -19*a - 16. Let z(w) be the third derivative of -5*w**4/3 - 11*w**3/2 - 16*w**2. Let j(t) = -5*g(t) + 3*z(t). What are the prime factors of j(-8)?
181
Suppose 35*y = 194*y - 8828475. What are the prime factors of y?
5, 2221
Let t(l) = 2*l - 22. Let w(r) = -r + 7. Let f(x) = -5*t(x) - 14*w(x). Let b be f(0). Suppose 72 = -0*i + b*i. What are the prime factors of i?
2, 3
Let a be ((-1 - (-174)/12)*-2)/1. List the prime factors of (-26 - 4)/(a/1710).
2, 5, 19
Suppose -98*y = -178974 - 321218. List the prime factors of y.
2, 11, 29
Let y(c) = -2*c**3 - 2*c**2 - 7*c - 15. Suppose 2*n - 278 = -5*x + 108, 3*x - 226 = -4*n. Suppose -p - 83 = -x. What are the prime factors of y(p)?
2, 5, 11
Suppose 2*b - 5*n + 261 = 0, -2*b + n = -6*b - 489. List the prime factors of (-1878)/(-4)*(-82)/b.
313
Let x(y) = -y**2 + 11*y + 33. Let o be x(14). List the prime factors of (o + (-1275)/(-12))/(2/8).
389
Let j(k) = 843*k**2 - 23*k + 62. What are the prime factors of j(3)?
2, 5, 379
Let n = -965 + 3739. Suppose 1665 = 3*m + 3*x, -5*m + n = 9*x - 5*x. What are the prime factors of m?
2, 277
Let u = 307 - 274. Suppose -u*v - 1044 = -37*v. What are the prime factors of v?
3, 29
Suppose -2039 = 8*p + 489. Let o = 228 - p. What are the prime factors of o?
2, 17
Let k = 156240 - 103478. What are the prime factors of k?
2, 23, 31, 37
Suppose 49*v + 690 = 54*v. List the prime factors of 6/4*60/18 + v.
11, 13
Let u be (-254)/10 - -3*(-12)/(-90). What are the prime factors of u/(-2)*(5 + (-123)/(-5))?
2, 5, 37
Let g(q) be the third derivative of q**5/5 + 2*q**4/3 - 26*q**3/3 + 3*q**2 + 32. List the prime factors of g(6).
2, 7, 17
Suppose 0 = 4*f - 5*m - 23, 0 = 5*f - f + m - 5. Suppose -g + 41 = -f*r - 166, 2*r = 5*g - 1003. What are the prime factors of g?
199
Let r = 94 + -36. Suppose -3*m + 17 = 2. Suppose 0*b - 4*b + 155 = m*s, -r = -2*b + 4*s. What are the prime factors of b?
5, 7
Let l = -1 + -24. Let r = 32 + l. Suppose -64 + 589 = r*f. What are the prime factors of f?
3, 5
Let w = 5770 - -747. What are the prime factors of w?
7, 19
What are the prime factors of (-36)/(-45) - 12268/40*-6?
7, 263
Suppose g - 5*b = 6*g - 145, -75 = -3*g + b. Let r be 10/65 + 1478/g. Let s = 233 - r. What are the prime factors of s?
2, 11
Let y = 32 + -29. What are the prime factors of 450 + y + (-3 - 4/(-1))?
2, 227
Suppose -1465 - 413 = 6*h. Let u = h + 332. List the prime factors of u.
19
Let i(b) = -3*b - 25. Let f be i(-17). Suppose f - 176 = -6*n. List the prime factors of n.
5
Let f(g) = 4*g**2 + 14*g. Let k be f(-5). Suppose -31*n + 260 = -k*n. List the prime factors of n.
2, 5, 13
Let o(d) be the second derivative of 3*d**4/4 + 5*d**3/3 - 97*d**2/2 - 37*d - 1. What are the prime factors of o(-13)?
2, 647
Let u = 3920 - 6945. List the prime factors of (10/(-2))/(25/u).
5, 11
Suppose f + 2*o = 42, -o + 16 = 3*o. Let v = f - 9. Let k = v - -5. What are the prime factors of k?
2, 3, 5
Suppose p + 2229 = 6*j + 4*p, -5*p = -4*j + 1465. List the prime factors of j.
2, 5, 37
Suppose -150*v + 160*v - 84320 = 0. What are the prime factors of v?
2, 17, 31
Let q(y) = 20 + 2*y**3 - y**3 + 0 - 38*y**2 - 33*y + 23. List the prime factors of q(39).
277
Let u = 39623 - -13464. List the prime factors of u.
53087
Let r(y) = -y**2 + 0*y**2 + y + 2*y**2 - 2*y + 19. Suppose -3*c - 4*k + 7 = 0, -85*c + 3*k = -90*c + 30. List the prime factors of r(c).
7, 13
Let s be 0*((-4)/(-8) + -1). Suppose -3*h - 15 = -s*h - m, 3*h + 3*m = -15. What are the prime factors of h*((-335)/25 - -4)?
47
Let i(m) = 9*m + 14. Let b be i(-5). Let u = b + 35. Suppose 3*r + 519 = u*p, p - 67 - 53 = 4*r. List the prime factors of p.
2, 3, 11
Let o(x) be the third derivative of 7*x**4/24 - 2*x**3 + 6*x**2. Let c be (2/((-6)/(-15)))/1. What are the prime factors of o(c)?
23
Suppose -39*g + 79226 = -79*g + 54*g. What are the prime factors of g?
5659
Let w(n) = 2*n**3 - 24*n**2 + 8*n + 120. List the prime factors of w(23).
2, 7, 853
Let i(k) = -5*k**3 - 24*k**2 - 24*k - 22. Let c be i(-10). Let f = c - 1204. List the prime factors of f.
2, 3, 269
Suppose -12 = 3*f, -19 = 2*v + 5*f + 15. What are the prime factors of -2 - (315/(-3) - (v - -2))?
2, 7
Let z(n) = 12 + 18*n - 54*n - 4*n**2 + 26*n + 23*n - 5*n**3 + 33. What are the prime factors of z(-5)?
5, 101
Let k(y) be the second derivative of -y**4/12 + 79*y**2/2 - 2*y. Let q = -76 + 76. What are the prime factors of k(q)?
79
Suppose -213 + 177 = -t + 3*w, 5*t = 4*w + 125. Suppose 3*h - 2*c = 15, 5 + 1 = 4*h + 2*c. Suppose -h*r + t = -609. List the prime factors of r.
2, 3, 5, 7
Let s(p) = p**2 - p + 2. Let d be s(0). Let w be 1255*(-2)/20*-2. Suppose -x = d*g - 65, -3*g - w = -4*x - 2*g. List the prime factors of x.
3, 7
Let g = 133 - 128. Suppose -6*v = -g*v - 460. List the prime factors of v.
2, 5, 23
Let s(a) = a**2 - 6*a - 1. Let t be s(7). Let u(x) = -9 - 5 - 3 + 3 + 2*x**2 + x + 1. List the prime factors of u(t).
5, 13
Let p be 1/((-9)/(-21)) + 10/15. Suppose -p*s = 5*s - 24. Suppose -u + s*u - 5*r = 413, -582 = -3*u - 5*r. What are the prime factors of u?
199
Let y be 24*(1 + 6/(54/15)). Suppose 4*i = -0*i + y. List the prime factors of i.
2
Let b be 777 + 6*(-28)/(-21). Let o = -273 + b. List the prime factors of o.
2
Let q(p) = 29*p**2 + 18*p - 117. What are the prime factors of q(9)?
2, 3, 7, 19
Let n = -10508 - -28484. List the prime factors of n.
2, 3, 7, 107
Suppose 0 = 3*a - 7 + 4. Let p(b) = 402*b**3 + 2*b**2 - 3*b + 2. List the prime factors of p(a).
13, 31
Let c = -2 - 3. Let x(r) = 125*r - 97*r + 2*r**2 - 14 - 32*r. List the prime factors of x(c).
2, 7
Suppose 2*s - 22 = 5*n, 4*n - 15 + 87 = 5*s. What are the prime factors of (-12 + s)/(2/(-135)*-3)?
2, 3, 5
Suppose -94*x - 22365 = -49*x. Let o be (-3)/(-1)*388/(-6). Let f = o - x. List the prime factors of f.
3, 101
Suppose 41240 = -39*l + 340815 + 433040. List the prime factors of l.
5, 13, 17
Suppose -2*s + 114278 + 13306 = -2*y, 3*y = 21. List the prime factors of s.
63799
Suppose -5*y + 380 = 5*q, 4*y = -y + 5*q + 330. Suppose i = y + 41. Let m = i + -43. List the prime factors of m.
3, 23
List the prime factors of (-21)/(-2)*29986/47.
3, 7, 11, 29
Let n = 14 - 12. Let m(k) = -189*k - 7 + 6*k**n + 209*k - k**3 + 0. List the prime factors of m(8).
5
Suppose -r - n = -3, 95*r + 4*n - 17 = 90*r. Let p(o) = 0*o**2 - 4*o - o**2 - 8 + 13*o. List the prime factors of p(r).
2, 3
Let u(h) = -h**3 + h**2 - 2*h + 2. Let n be u(0). List the prime factors of 531 + (-2 - n) + 5.
2, 7, 19
Suppose 3*n + 18344 = 2*a - 12291, 2*n + 199110 = 13*a. List the prime factors of a.
2, 7, 547
What are the prime factors of (-2)/(-12)*(73249 + 35)?
2, 31, 197
Suppose 5*w + 227 - 262 = 0. Suppose 3*i + 104 = w*i. What are the prime factors of i?
2, 13
Let u(g) = -45*g + 11. Let d = 74 + -91. What are the prime factors of u(d)?
2, 97
Let g(c) = c**3 + 2*c**2 - 2*c + 153. Let t be g(0). Let a = 250 - t. List the prime factors of a.
97
Let p = 63 + -114. Let s = p - -67. Suppose -4*u = s, 5*y +